7
Let q(p) = -p**3 - 9*p**2 + 5*p - 2. Let t be q(-10). Suppose -216 - t = -4*u. Suppose -38 = -4*z + u. What are the prime factors of z?
2, 13
Suppose -5*d = -0*d - 65. Let i = d + 43. What are the prime factors of i?
2, 7
Suppose -5*d + 3*w + 1 + 3 = 0, -d + 10 = 4*w. Let j be (-65)/((d - -1)/(-3)). Suppose 0*h + j = 5*h. List the prime factors of h.
13
Suppose -4*b - 5812 = -4*v, -2*b + 1795 = 3*v - 2564. What are the prime factors of v?
1453
Let b = -48 + 51. List the prime factors of 69/2 - (-1 - b/(-6)).
5, 7
Let b(u) = -35*u - 8. Let l be b(-8). Suppose -g - l = -5*g. What are the prime factors of g?
2, 17
Suppose -5*q + u = -0*u - 4184, -2528 = -3*q + 5*u. List the prime factors of q.
2, 11, 19
Suppose 36*x - 2*y - 3841 = 35*x, -3*x + 5*y + 11524 = 0. List the prime factors of x.
3, 7, 61
Let x be -4*31*(-1)/4. Let k = -509 + 514. Suppose k*s - x + 6 = -5*p, -2*p = -3*s. List the prime factors of p.
3
Suppose 11*q = -3100 + 9876. List the prime factors of q.
2, 7, 11
Suppose -6*l + 27 - 435 = 0. Let a = l - -144. List the prime factors of a.
2, 19
Let r(h) = 3 - 25*h + 8*h - 40*h - 1. Let q be (1/2)/(5/(-10)). What are the prime factors of r(q)?
59
Suppose 0*w - w = -5*a - 1489, 2*w = -5*a - 1492. Let c = a + 458. Suppose -c = -4*s - s. List the prime factors of s.
2
Let p = 100 + 24. Suppose -2*r + 5*s + p = 7*s, -20 = 5*s. What are the prime factors of r?
2, 3, 11
Let o(b) = 2*b - 15*b**2 - 3 - 11*b + 16*b**2. Suppose 112 + 42 = 14*m. List the prime factors of o(m).
19
Let z = 31 - 31. What are the prime factors of (z + 7 + -5)/((-4)/(-334))?
167
Suppose -3*v = 13 + 11. What are the prime factors of (v/10)/(242/(-60) - -4)?
2, 3
Let a = 30 + -17. Suppose 183 = -10*y + a*y. What are the prime factors of y?
61
Let m be (0 + -3)*20/(-12). Suppose m*y - 51 = -1. Suppose -2*f = y, -4*b + 3*f + 51 = -2*b. What are the prime factors of b?
2, 3
Suppose -3*m + 12 = -0*m, 0 = -4*f - m + 12. What are the prime factors of (140/8)/(f/8)?
2, 5, 7
Suppose 0 = -0*t + 4*t - 16. Suppose -6*d = -2*d - 5*b - 578, -t*d + b + 586 = 0. What are the prime factors of d?
3, 7
Let c(q) = 8*q**2 + 2*q. Suppose -4*k - 13 = -5*d, 3*d - 1 = -k - 0. List the prime factors of c(k).
2, 7
Let p be 93/(-4) - 5/(-20). Let g = p - -26. Suppose -o - g*z = -18, 7 + 13 = 4*z. What are the prime factors of o?
3
Let n(m) = 207*m**2 + 3*m - 7. What are the prime factors of n(2)?
827
Suppose -2*u + 4*u = -154. List the prime factors of 1854/33 + 14/u.
2, 7
Suppose -6*x + 10*x - 7 = 5*p, 0 = -5*x + p + 14. What are the prime factors of x?
3
Let n be 3 + (1 - 3) + -92. Let y = n - -138. What are the prime factors of y?
47
Suppose 0 = 4*c + 3*i + 57, 5*c - 4*i = 3*c - 12. Let x be c/(-15)*(-10)/(-4). Suppose x*l + 31 = j, -l = -3*j + 4*l + 98. What are the prime factors of j?
41
Suppose x = -3*m + 4*x + 30, 0 = 3*x + 3. Suppose -2*g + m = g. Suppose -2*d - g*d = -65. What are the prime factors of d?
13
Let v(n) = 4 + 45*n - 3*n + 8*n + 3*n. List the prime factors of v(1).
3, 19
Suppose 0 = -16*f + 65*f - 51597. List the prime factors of f.
3, 13
Let j be -3*(1/2)/(1/(-2)). Suppose -j*z = -3 - 0, -2*z = -4*l + 586. List the prime factors of l.
3, 7
Suppose 81*c + 3858 = 87*c. What are the prime factors of c?
643
Let f(x) = x**3 - 6*x**2 + 10*x - 3. Let i be f(4). Suppose 0 = 4*k + 5*w - 1184, 3*w = i*k + 2*w - 1451. What are the prime factors of k?
3, 97
Let m(k) = -k + 16. Let w be m(12). Suppose 11 - w = -3*c - 4*h, 2*c - 22 = 4*h. List the prime factors of 3/((-153)/(-48) - c).
2
Suppose -8*l - 1994 = -7282. What are the prime factors of l?
661
Let d be (1 - -151) + (-1)/(-1). Suppose -8*v + 160 = -616. Let h = d - v. List the prime factors of h.
2, 7
Let p be 2/(-4)*6/4*4. What are the prime factors of p*(1368/(-54) + (-4)/(-1))?
2
List the prime factors of (-1154)/(-18) + 1/(-9).
2
Let v = -29 + 71. Suppose 5*w + 5 = -5*k, 0*k = -k - 5*w + 7. List the prime factors of (-14)/v + (-70)/k.
23
Suppose -213380 = -82*t - 36424. What are the prime factors of t?
2, 13, 83
Let k be 48/(-9) - 2/(-6). Let g(o) = -o**3 - 3*o**2 + 9*o - 3. Let h be g(k). Suppose r + h*y = 47, 2*r = 2*y - 0*y + 100. What are the prime factors of r?
7
Let t = -4 + 1. Let m be (21/6 + t)*0. What are the prime factors of m + 1 - (-8 + 6)?
3
Let q(b) = -5*b**3 + 6*b**2 + 13. Let g(d) = -4*d**3 + 7*d**2 + d + 14. Let f(l) = 4*g(l) - 3*q(l). What are the prime factors of f(8)?
3, 59
Suppose -4*l = -155 - 25. List the prime factors of l.
3, 5
Let y(g) = 7*g**2 + 14*g - 40. What are the prime factors of y(-10)?
2, 5, 13
Suppose -7*u = -4*u - 12. Suppose -526 = -3*m - 4*y, 0 = -u*m + 3*y - 6*y + 699. List the prime factors of m.
2, 3, 29
Let u = 31 + -38. What are the prime factors of 3/u + (-2676)/(-21)?
127
Suppose -2*l + 4*l - 2 = 0. Let c be -3 + 10 + l + -1. What are the prime factors of 3*(-4*c)/(-2)?
2, 3, 7
Let j be 5/(-10) + (-63)/2. List the prime factors of (j/28)/(2/(-7)).
2
Suppose -3*j - 2*r = -11113, -4*j = 15*r - 19*r - 14844. List the prime factors of j.
11, 337
Let h = -25 + 40. Let m be 3/4 + 21/4. Suppose h = -m*x + 7*x. What are the prime factors of x?
3, 5
Let g(d) = -578*d**3 + d**2 + 3*d + 2. What are the prime factors of g(-1)?
2, 17
Suppose -4*c + 9 + 15 = 0. Let f be 92/c + (-8)/(-12). Let p = 75 - f. List the prime factors of p.
59
Suppose -65*b + 9920 = -45*b. What are the prime factors of b?
2, 31
Let c be 5/(-20) - 50/(-8). List the prime factors of (11 - 30)/((-2)/c).
3, 19
Let k = -5729 + 9861. List the prime factors of k.
2, 1033
Let r(h) = -64*h + 1. Suppose 0 = 19*x - 15*x + 12. What are the prime factors of r(x)?
193
Suppose -k - 2*t = -1341, -5*k + 3*t = -0*k - 6718. What are the prime factors of k?
17, 79
Let n be -12*(-7)/((-84)/45). What are the prime factors of -1*(n - (0 + -2))?
43
Suppose u + 0*u = 3*f + 1, -2*f = -u + 1. Suppose -3*y + 87 + 48 = f. List the prime factors of y.
3, 5
Let n = -3036 - -6526. List the prime factors of n.
2, 5, 349
Suppose -3*j + 45 = 3*g, 2*j + 42 + 48 = 4*g. List the prime factors of 3 + 0 - g/(-4).
2
Suppose -3*z + 4 = -2. Suppose 81 = -4*u - 3*b, -3*u + z*b - 66 = -b. Let g = 35 + u. List the prime factors of g.
2, 7
Let b(g) = -1 + 0 + 3 + 2*g**3 + 5 - 7*g. Let f be b(5). Suppose 0 = -k, 2*c - f = -c + k. What are the prime factors of c?
2, 37
Suppose -3*c = 0, -4*g = -6*g + c + 50. List the prime factors of 1*g*40/50.
2, 5
Let q(n) = 11*n - 40. Let h be q(7). Suppose -x = h - 138. List the prime factors of x.
101
Suppose 2*x + 561 + 927 = 0. What are the prime factors of (x/60)/((-2)/5)?
31
Suppose 0 = 5*t + 3*z - 9322, 0 = -3*t + 6*z - 4*z + 5597. List the prime factors of t.
5, 373
What are the prime factors of 9940/18 - 14/63?
2, 3, 23
Suppose 7*i - 72 = i. Suppose -116 = -2*y + n + i, 0 = y + 3*n - 64. Suppose 4*z - y = -5*x + 62, x = -3*z + 89. What are the prime factors of z?
29
Suppose k - 7 = x, -5*k + 3*x + 41 = 12. Suppose -k*m + 493 = -6*f + f, -3*f + 241 = 2*m. Suppose m = c + c. List the prime factors of c.
61
Suppose 5*z + 572 = 2*w, 0 = -3*w - 0*w - 5*z + 858. List the prime factors of w.
2, 11, 13
Suppose 9*n = 435 + 906. List the prime factors of n.
149
Suppose -71*k + 63*k + 3384 = 0. List the prime factors of k.
3, 47
Let o(h) = 8*h - 34. Let i be o(15). Let d = 10 + i. List the prime factors of d.
2, 3
List the prime factors of 4630/35 - -6*(-6)/126.
2, 3, 11
Let c = -176 + 262. Let d = c - -146. List the prime factors of d.
2, 29
Suppose 0 = 5*t + 301 + 489. Let k = t + 246. What are the prime factors of k?
2, 11
Let q be (3 + 8/(-3))*0. Suppose -3*w + q*r = 2*r, -2*w = -5*r - 19. Suppose 0 = 4*f - w*f - 28. What are the prime factors of f?
2, 7
Suppose -f = -2*m + 248, 0*m + f - 252 = -2*m. What are the prime factors of (m - 1)/((-2)/(-2 + 0))?
2, 31
Let d = 1205 + -813. List the prime factors of d.
2, 7
Let a(d) = 17*d**3 + 2*d**2 - 3*d + 4. Let x be 2*(-2)/4 - 18/(-6). List the prime factors of a(x).
2, 71
Let u(a) be the third derivative of 3*a**2 + 3/20*a**5 + 2/3*a**3 - 1/24*a**4 + 0 + 0*a + 1/120*a**6. List the prime factors of u(-9).
13
Suppose 54078 = 28*y - 9622. List the prime factors of y.
5, 7, 13
Suppose 12 - 4 = 4*p. Suppose 61*h - 1370 = -89. What are the prime factors of 30*(p - h/15)?
2, 3
Suppo